{"id":2775,"date":"2024-10-31T17:01:10","date_gmt":"2024-10-31T16:01:10","guid":{"rendered":"https:\/\/canigosolar.com\/?page_id=2775"},"modified":"2024-10-31T17:01:51","modified_gmt":"2024-10-31T16:01:51","slug":"construccion-y-reforma","status":"publish","type":"page","link":"https:\/\/canigosolar.com\/index.php\/construccion-y-reforma\/","title":{"rendered":"CONSTRUCCI\u00d3N Y REFORMA"},"content":{"rendered":"\t\t<div data-elementor-type=\"wp-page\" data-elementor-id=\"2775\" class=\"elementor elementor-2775\">\n\t\t\t\t<div class=\"elementor-element elementor-element-af9f1c5 e-flex e-con-boxed wpr-particle-no wpr-jarallax-no wpr-parallax-no wpr-sticky-section-no wpr-column-slider-no wpr-equal-height-no e-con e-parent\" data-id=\"af9f1c5\" data-element_type=\"container\" data-e-type=\"container\">\n\t\t\t\t\t<div class=\"e-con-inner\">\n\t\t\t\t<div class=\"elementor-element elementor-element-1e8b8c7 elementor-widget elementor-widget-text-editor\" data-id=\"1e8b8c7\" data-element_type=\"widget\" data-e-type=\"widget\" data-widget_type=\"text-editor.default\">\n\t\t\t\t<div class=\"elementor-widget-container\">\n\t\t\t\t\t\t\t\t\t<p data-pm-slice=\"1 1 []\">Desde la planificaci\u00f3n inicial hasta la ejecuci\u00f3n final, crearemos tu espacio para reflejar tu identidad . Nuestro equipo de expertos se asegura de que cada detalle est\u00e9 perfectamente alineado con tus necesidades y expectativas, proporcionando soluciones a medida<\/p><p>Nos encargamos de todo y te acompa\u00f1amos en todo momento del proceso.<\/p>\t\t\t\t\t\t\t\t<\/div>\n\t\t\t\t<\/div>\n\t\t\t\t\t<\/div>\n\t\t\t\t<\/div>\n\t\t\t\t<\/div>\n\t\t","protected":false},"excerpt":{"rendered":"<p>Desde la planificaci\u00f3n inicial hasta la ejecuci\u00f3n final, crearemos tu espacio para reflejar tu identidad . Nuestro equipo de expertos se asegura de que cada detalle est\u00e9 perfectamente alineado con tus necesidades y expectativas, proporcionando soluciones a medida Nos encargamos de todo y te acompa\u00f1amos en todo momento del proceso.<\/p>\n","protected":false},"author":1,"featured_media":0,"parent":0,"menu_order":0,"comment_status":"closed","ping_status":"closed","template":"","meta":{"_joinchat":[],"footnotes":""},"class_list":["post-2775","page","type-page","status-publish","hentry"],"yoast_head":"<!-- This site is optimized with the Yoast SEO plugin v27.5 - https:\/\/yoast.com\/product\/yoast-seo-wordpress\/ -->\n<title>CONSTRUCCI\u00d3N Y REFORMA - Canigo Solar Instalaciones Placas Solares<\/title>\n<meta name=\"robots\" content=\"index, follow, max-snippet:-1, max-image-preview:large, max-video-preview:-1\" \/>\n<link rel=\"canonical\" href=\"https:\/\/canigosolar.com\/index.php\/construccion-y-reforma\/\" \/>\n<meta property=\"og:locale\" content=\"es_ES\" \/>\n<meta property=\"og:type\" content=\"article\" \/>\n<meta property=\"og:title\" content=\"CONSTRUCCI\u00d3N Y REFORMA - Canigo Solar Instalaciones Placas Solares\" \/>\n<meta property=\"og:description\" content=\"Desde la planificaci\u00f3n inicial hasta la ejecuci\u00f3n final, crearemos tu espacio para reflejar tu identidad . Nuestro equipo de expertos se asegura de que cada detalle est\u00e9 perfectamente alineado con tus necesidades y expectativas, proporcionando soluciones a medida Nos encargamos de todo y te acompa\u00f1amos en todo momento del proceso.\" \/>\n<meta property=\"og:url\" content=\"https:\/\/canigosolar.com\/index.php\/construccion-y-reforma\/\" \/>\n<meta property=\"og:site_name\" content=\"Canigo Solar Instalaciones Placas Solares\" \/>\n<meta property=\"article:modified_time\" content=\"2024-10-31T16:01:51+00:00\" \/>\n<meta name=\"twitter:card\" content=\"summary_large_image\" \/>\n<meta name=\"twitter:label1\" content=\"Tiempo de lectura\" \/>\n\t<meta name=\"twitter:data1\" content=\"1 minuto\" \/>\n<script type=\"application\/ld+json\" class=\"yoast-schema-graph\">{\"@context\":\"https:\\\/\\\/schema.org\",\"@graph\":[{\"@type\":\"WebPage\",\"@id\":\"https:\\\/\\\/canigosolar.com\\\/index.php\\\/construccion-y-reforma\\\/\",\"url\":\"https:\\\/\\\/canigosolar.com\\\/index.php\\\/construccion-y-reforma\\\/\",\"name\":\"CONSTRUCCI\u00d3N Y REFORMA - Canigo Solar Instalaciones Placas Solares\",\"isPartOf\":{\"@id\":\"https:\\\/\\\/canigosolar.com\\\/#website\"},\"datePublished\":\"2024-10-31T16:01:10+00:00\",\"dateModified\":\"2024-10-31T16:01:51+00:00\",\"breadcrumb\":{\"@id\":\"https:\\\/\\\/canigosolar.com\\\/index.php\\\/construccion-y-reforma\\\/#breadcrumb\"},\"inLanguage\":\"es\",\"potentialAction\":[{\"@type\":\"ReadAction\",\"target\":[\"https:\\\/\\\/canigosolar.com\\\/index.php\\\/construccion-y-reforma\\\/\"]}]},{\"@type\":\"BreadcrumbList\",\"@id\":\"https:\\\/\\\/canigosolar.com\\\/index.php\\\/construccion-y-reforma\\\/#breadcrumb\",\"itemListElement\":[{\"@type\":\"ListItem\",\"position\":1,\"name\":\"Portada\",\"item\":\"https:\\\/\\\/canigosolar.com\\\/\"},{\"@type\":\"ListItem\",\"position\":2,\"name\":\"CONSTRUCCI\u00d3N Y REFORMA\"}]},{\"@type\":\"WebSite\",\"@id\":\"https:\\\/\\\/canigosolar.com\\\/#website\",\"url\":\"https:\\\/\\\/canigosolar.com\\\/\",\"name\":\"Canigo Solar Instalaciones Placas Solares\",\"description\":\"Ofrecemos soluciones completas para la obtenci\u00f3n de energ\u00eda gracias a fuentes renovables. Somos especialistas en energ\u00eda solar fotovoltaica para autoconsumo en empresas, viviendas y aplicaciones agropecuarias. Presupuesto sin compromiso.\",\"alternateName\":\"Canigo Solar\",\"potentialAction\":[{\"@type\":\"SearchAction\",\"target\":{\"@type\":\"EntryPoint\",\"urlTemplate\":\"https:\\\/\\\/canigosolar.com\\\/?s={search_term_string}\"},\"query-input\":{\"@type\":\"PropertyValueSpecification\",\"valueRequired\":true,\"valueName\":\"search_term_string\"}}],\"inLanguage\":\"es\"}]}<\/script>\n<!-- \/ Yoast SEO plugin. -->","yoast_head_json":{"title":"CONSTRUCCI\u00d3N Y REFORMA - Canigo Solar Instalaciones Placas Solares","robots":{"index":"index","follow":"follow","max-snippet":"max-snippet:-1","max-image-preview":"max-image-preview:large","max-video-preview":"max-video-preview:-1"},"canonical":"https:\/\/canigosolar.com\/index.php\/construccion-y-reforma\/","og_locale":"es_ES","og_type":"article","og_title":"CONSTRUCCI\u00d3N Y REFORMA - Canigo Solar Instalaciones Placas Solares","og_description":"Desde la planificaci\u00f3n inicial hasta la ejecuci\u00f3n final, crearemos tu espacio para reflejar tu identidad . Nuestro equipo de expertos se asegura de que cada detalle est\u00e9 perfectamente alineado con tus necesidades y expectativas, proporcionando soluciones a medida Nos encargamos de todo y te acompa\u00f1amos en todo momento del proceso.","og_url":"https:\/\/canigosolar.com\/index.php\/construccion-y-reforma\/","og_site_name":"Canigo Solar Instalaciones Placas Solares","article_modified_time":"2024-10-31T16:01:51+00:00","twitter_card":"summary_large_image","twitter_misc":{"Tiempo de lectura":"1 minuto"},"schema":{"@context":"https:\/\/schema.org","@graph":[{"@type":"WebPage","@id":"https:\/\/canigosolar.com\/index.php\/construccion-y-reforma\/","url":"https:\/\/canigosolar.com\/index.php\/construccion-y-reforma\/","name":"CONSTRUCCI\u00d3N Y REFORMA - Canigo Solar Instalaciones Placas Solares","isPartOf":{"@id":"https:\/\/canigosolar.com\/#website"},"datePublished":"2024-10-31T16:01:10+00:00","dateModified":"2024-10-31T16:01:51+00:00","breadcrumb":{"@id":"https:\/\/canigosolar.com\/index.php\/construccion-y-reforma\/#breadcrumb"},"inLanguage":"es","potentialAction":[{"@type":"ReadAction","target":["https:\/\/canigosolar.com\/index.php\/construccion-y-reforma\/"]}]},{"@type":"BreadcrumbList","@id":"https:\/\/canigosolar.com\/index.php\/construccion-y-reforma\/#breadcrumb","itemListElement":[{"@type":"ListItem","position":1,"name":"Portada","item":"https:\/\/canigosolar.com\/"},{"@type":"ListItem","position":2,"name":"CONSTRUCCI\u00d3N Y REFORMA"}]},{"@type":"WebSite","@id":"https:\/\/canigosolar.com\/#website","url":"https:\/\/canigosolar.com\/","name":"Canigo Solar Instalaciones Placas Solares","description":"Ofrecemos soluciones completas para la obtenci\u00f3n de energ\u00eda gracias a fuentes renovables. Somos especialistas en energ\u00eda solar fotovoltaica para autoconsumo en empresas, viviendas y aplicaciones agropecuarias. Presupuesto sin compromiso.","alternateName":"Canigo Solar","potentialAction":[{"@type":"SearchAction","target":{"@type":"EntryPoint","urlTemplate":"https:\/\/canigosolar.com\/?s={search_term_string}"},"query-input":{"@type":"PropertyValueSpecification","valueRequired":true,"valueName":"search_term_string"}}],"inLanguage":"es"}]}},"_links":{"self":[{"href":"https:\/\/canigosolar.com\/index.php\/wp-json\/wp\/v2\/pages\/2775","targetHints":{"allow":["GET"]}}],"collection":[{"href":"https:\/\/canigosolar.com\/index.php\/wp-json\/wp\/v2\/pages"}],"about":[{"href":"https:\/\/canigosolar.com\/index.php\/wp-json\/wp\/v2\/types\/page"}],"author":[{"embeddable":true,"href":"https:\/\/canigosolar.com\/index.php\/wp-json\/wp\/v2\/users\/1"}],"replies":[{"embeddable":true,"href":"https:\/\/canigosolar.com\/index.php\/wp-json\/wp\/v2\/comments?post=2775"}],"version-history":[{"count":7,"href":"https:\/\/canigosolar.com\/index.php\/wp-json\/wp\/v2\/pages\/2775\/revisions"}],"predecessor-version":[{"id":2784,"href":"https:\/\/canigosolar.com\/index.php\/wp-json\/wp\/v2\/pages\/2775\/revisions\/2784"}],"wp:attachment":[{"href":"https:\/\/canigosolar.com\/index.php\/wp-json\/wp\/v2\/media?parent=2775"}],"curies":[{"name":"wp","href":"https:\/\/api.w.org\/{rel}","templated":true}]}}